/(-15)). Calculate the greatest common divisor of 42 and v.
6
Let g = -656 - -754. Let j = -878 - -882. What is the highest common divisor of j and g?
2
Let v = 72 - 68. Let t be -3*v/12*-65. Let r be ((-2)/(-6))/(3/117). What is the highest common factor of r and t?
13
Suppose 76421 + 350642 = 169*n. Calculate the greatest common divisor of 3059 and n.
133
Suppose 2*p = 4*b + 12, 1234*p - 1232*p - 2*b = 14. What is the greatest common factor of 8452 and p?
4
Let r(j) = -65*j - 129. Let x be r(-2). Let a(b) = b**3 - 2*b + 4. Let h be a(2). Calculate the highest common factor of x and h.
1
Suppose 5*c - 5*r - 63 = 27, -c - 3*r = -6. Suppose -11*p + 28 = -c*p. Let b be p/(7/(-6)) + (6 - 6). Calculate the highest common factor of 66 and b.
6
Let p be 4/(-26) - (197/(-13) + -7). Let l = 41 - p. What is the greatest common factor of l and 19?
19
Let f(n) = 2*n**2 + 58*n + 126. Let y be f(-29). Calculate the highest common divisor of y and 144.
18
Suppose 3*f = -254 + 323. Let r be 57*-3*2/(-18). Let m = f - r. What is the greatest common factor of m and 44?
4
Let a = -226 + 404. Suppose 385*w + 622 = 393*w + 5*h, -4*w - 2*h = -320. What is the greatest common divisor of a and w?
89
Suppose 63*d - 41*d = 4950. Suppose 0 = 4*c - 41 - 31. Calculate the greatest common factor of d and c.
9
Let s be (-73 - 2)/(-11 + (-384)/(-36)). Calculate the highest common divisor of 625 and s.
25
Let r = 13980 - 7827. Calculate the highest common factor of 84 and r.
21
Suppose -84 = -13*c + 256 + 24. What is the highest common divisor of 1442 and c?
14
Suppose 0*x + 420 = 2*x. Let t(p) = p**2 + 99*p - 10885. Let f be t(66). What is the greatest common divisor of f and x?
5
Suppose -42 = -22*h + 2. Suppose h = v - 59. What is the highest common factor of v and 427?
61
Suppose 0 = 5*a - 17 - 33. Let u be 0 + 84/10 - (-6)/a. Let x = u + 3. What is the highest common divisor of x and 132?
12
Let x be 288/63 - 5 - (-62)/14. Suppose 38 = x*z - 18. What is the greatest common divisor of 91 and z?
7
Let x = -60 + 64. Suppose x*c + 116 = 92. Let m(a) = a**3 + 7*a**2 + 5*a - 1. Let r be m(c). Calculate the highest common factor of 3 and r.
1
Suppose -115*a + 108*a + 4130 = 0. Calculate the highest common divisor of 1298 and a.
118
Let n(w) = 2283*w + 13716. Let l be n(-6). Calculate the highest common divisor of l and 6.
6
Suppose 3*l - 14*q = -10*q + 28, -q + 2 = 0. Let p be (-39)/l + 3 - 793/(-52). What is the greatest common divisor of p and 27?
3
Suppose 3*y + a + a = 29, -3*a = 15. Let t = 195 + y. Let g be 0 + 0 + 19 + -6. What is the greatest common factor of g and t?
13
Let y(v) be the second derivative of 11*v**4/12 - 5*v**3/3 + 21*v**2/2 + 2*v + 54. Let u be y(2). Calculate the highest common factor of u and 135.
45
Let p = -5829 + 5895. What is the highest common divisor of p and 539?
11
Let n = 24462 + -19022. Calculate the greatest common divisor of n and 960.
320
Suppose -226*c - 85*c = 84*c - 8295. Let j = -3 - -10. Calculate the highest common factor of j and c.
7
Let x = 1709 - 767. Suppose -2*n = s - 198, 2*n = -5*s + 4*n + x. Calculate the highest common divisor of 10 and s.
10
Suppose 5*d + 5 = 0, -50 = -3*k + 4*d - 10. What is the greatest common factor of 81 and k?
3
Let h(g) = -g**2 - 70*g - 1044. Let r be h(-22). Let t be (75/(-4))/(2/(-32)). What is the greatest common divisor of t and r?
12
Suppose -14*q + 48 = 30 - 24. Calculate the highest common factor of q and 14811.
3
Let n be (-7 + (-108)/(-10))/(6/330). Calculate the greatest common divisor of n and 323.
19
Suppose -9 = c + 4*j, 0 = -5*c + c - 2*j - 8. Let p be 3 + -4 - 3/c. Suppose -p*w = -94 - 438. Calculate the greatest common factor of w and 14.
14
Let g(t) = -7*t + 2152*t**2 - 2153*t**2 - 8*t + 2. Let m be g(-15). Let o be (-1 - -1)*(-12)/24 - -9. Calculate the highest common divisor of m and o.
1
Let p(f) = -11*f + 150. Let u = -552 + 565. Let d be p(u). What is the highest common factor of 371 and d?
7
Suppose -2*x = -5*j + 1551 - 1772, 2*j + 584 = 5*x. Calculate the greatest common divisor of 54 and x.
2
Let t = -1 + 6. Suppose t*q + 102 = 452. Let n be (0 - -5) + 151 + 19. What is the greatest common factor of q and n?
35
Suppose -252 = -3*f - 4*f. Suppose -22*x + 2606 + 4522 = 0. What is the greatest common factor of x and f?
36
Let i be 94*-1 + 1/((-3)/9). Let g = -79 - i. Calculate the greatest common divisor of 24 and g.
6
Suppose 22*c + 695 - 24543 = 0. What is the greatest common divisor of 28 and c?
4
Suppose -2248*n - 1890 = -2257*n. What is the highest common factor of n and 4290?
30
Suppose -25810 = 65*r - 276*r - 234*r. What is the highest common divisor of r and 10034?
58
Let p be 4/(-5 - 2022/(-402)). Let l = p - 126. Calculate the highest common divisor of 128 and l.
8
Suppose 0 = y - 11 - 1. Suppose -3*v - 159 + 138 = 0. Let s be v/42 + 2023/42. What is the highest common factor of s and y?
12
Let f = 118 - 120. Let z be ((-3)/6)/(f/52). Calculate the greatest common factor of z and 13.
13
Let l = -48 - -48. Suppose l = -3*c + 3, -2*s + c = -3*s + 16. Suppose -p = 0, k - 3 = 5*p + 3. What is the greatest common divisor of s and k?
3
Let v = 311 + -306. Suppose -v*j - 145 = -3*u - j, -5*j - 30 = -u. What is the greatest common factor of 110 and u?
55
Let j be (0 - (-3 + 1)) + -4. Let q be 0/j - (-1666)/7. Let u = -133 + q. Calculate the greatest common factor of u and 15.
15
Let p(h) = -h**3 - 31*h**2 - 36*h - 36. Let k be p(-30). Let u = -36 + 109. Suppose 70*v = u*v - k. Calculate the highest common factor of v and 96.
48
Let v = -11193 + 11263. What is the greatest common divisor of 1106 and v?
14
Let i(x) = 166*x - 463. Let s be i(11). What is the highest common factor of s and 29?
29
Let k be (-410)/(-15) - 3/45*5. Let v be 4/(-8) + (-103)/2. Let z be v*3/(-6) - -1. Calculate the highest common factor of z and k.
27
Suppose 2*n - 20 = 2*q, 0 = -n - 2*q + q + 6. Suppose 190*y - 291*y - 240*y + 17732 = 0. Calculate the highest common divisor of y and n.
4
Let t be ((-9)/6)/(2/(-24)). Let u be 9/(-15)*(-157 + -173). What is the greatest common divisor of u and t?
18
Let h = 0 - 87. Let d = -75 - h. Calculate the highest common divisor of d and 48.
12
Let y = 2109 - 2021. Calculate the highest common divisor of 2552 and y.
88
Let m(n) = -81*n - 162. Let f be m(-10). Suppose 160 = 3*k - 56. Calculate the greatest common divisor of f and k.
72
Suppose 4*n + 3*t - 478 = 0, 14*t = 3*n + 12*t - 333. Calculate the greatest common divisor of n and 100.
5
Suppose -5*x - 4*n + 7976 = 0, 4*n = -3 - 1. Calculate the greatest common divisor of 84 and x.
84
Suppose -610 + 935 = 13*q. What is the highest common factor of 19925 and q?
25
Suppose -5*t + 8*t - 3*o - 12 = 0, 0 = 5*o + 10. What is the greatest common factor of t and 250?
2
Suppose s - 77 - 13 = 2*b, b + 325 = 4*s. Let f(d) = 348*d**2 + 1389*d + 4. Let m be f(-4). What is the greatest common divisor of s and m?
16
Let c(m) = m**2 + 16*m - 27. Let y be (-7)/(126/(-27) - -5). Let b be c(y). What is the highest common factor of 130 and b?
26
Let z(s) = 253*s**3 - 24*s**2 + 54*s + 4. Let l be z(2). Calculate the greatest common divisor of 51 and l.
51
Let f(m) = 2*m**3 + 11*m**2 - 21*m - 124. Let y be f(-5). Calculate the highest common factor of 8142 and y.
6
Suppose -3*h = 2*h + 3*k - 40, 3*h = 3*k. Suppose -3*j = 5*n + 25 + 22, -27 = n + h*j. Let x = 53 + n. What is the greatest common divisor of 69 and x?
23
Suppose -6*a - 11*a = 17. Let b be (a + -3)/(2*3/(-24)). What is the highest common factor of 56 and b?
8
Suppose -3*d = 5*s - 591, 3*s - 392 = -13*d + 11*d. What is the greatest common factor of 408 and d?
17
Suppose -197880 = 42*v - 127*v. Calculate the greatest common factor of v and 552.
24
Let z(c) = 4*c - 96. Let j be z(16). Let u be 51 + 0 + (-37 - j). Calculate the greatest common factor of u and 230.
46
Suppose 41*f = 52*f + 869. Let t = f - -159. What is the greatest common factor of 180 and t?
20
Suppose -76*p + 51552 = 103*p. Suppose -3*i - 25 = 2*i, 3*n = -i + 49. What is the greatest common factor of n and p?
18
Let t be (15/5 - 7) + 77. Let a(g) = -g**3 - 15*g**2 - 19*g + 6. Let i be a(-14). Let o = i - t. Calculate the highest common factor of o and 12.
3
Suppose -56 = -45*h + 41*h. Suppose 0 = -14